{"id":9666,"date":"2026-02-12T14:03:50","date_gmt":"2026-02-12T13:03:50","guid":{"rendered":"https:\/\/brhhh.com\/villa-rothschild\/?page_id=9666"},"modified":"2026-02-12T14:03:51","modified_gmt":"2026-02-12T13:03:51","slug":"press","status":"publish","type":"page","link":"https:\/\/brhhh.com\/villa-rothschild\/press\/","title":{"rendered":"Press"},"content":{"rendered":"<div\n    id=\"block_d0abb7fa0ff5a410805ac7fa8ba5ce33\"\n    class=\"block block-headline  bg-default\"\n\t>\n\t<div class=\"container-fluid\">    <div class=\"row\">\n        <div class=\"col-12 col-xl-10 offset-xl-1 text-center\">\n\t\t\t                <div class=\"h6 subheadline\">\n                    Pressemitteilung                <\/div>\n\t\t\t            <h2 class=\"headline\">\n                Premiere in der Villa Rothschild            <\/h2>\n        <\/div>\n    <\/div>\n    <!-- \/.row -->\n\t<\/div>\n\t<!-- \/.container-fluid -->\n<\/div>\n<!-- \/.block-headline -->\n\n\n<div\n    id=\"block_98b5392962b18d29a9f8190f5533e8b4\"\n    class=\"block block-image bg-color-matches-previous-block  bg-default\"\n\t>\n\t<div class=\"container-fluid\">\n    <div class=\"row\">\n        <div class=\"col-12\">\n            <figure class=\"img-wrap\">\n                <img decoding=\"async\" src=\"https:\/\/brhhh.com\/villa-rothschild\/wp-content\/uploads\/sites\/4\/2026\/02\/Hank-Von-hinter-der-Fichte-weit.jpg\"\n                     srcset=\"https:\/\/brhhh.com\/villa-rothschild\/wp-content\/uploads\/sites\/4\/2026\/02\/Hank-Von-hinter-der-Fichte-weit.jpg 576w, https:\/\/brhhh.com\/villa-rothschild\/wp-content\/uploads\/sites\/4\/2026\/02\/Hank-Von-hinter-der-Fichte-weit.jpg 992w, https:\/\/brhhh.com\/villa-rothschild\/wp-content\/uploads\/sites\/4\/2026\/02\/Hank-Von-hinter-der-Fichte-weit.jpg\"\n                     alt=\"Villa Rothschild \"\n                     class=\"img-fluid\"\n                     width=\"300\"\n                     height=\"200\"\n                     loading=\"lazy\">\n                <figcaption class=\"photo-credit\"><\/figcaption>            <\/figure>\n        <\/div>\n    <\/div>\n    <!-- \/.row -->\n    \t<\/div>\n\t<!-- \/.container-fluid -->\n<\/div>\n<!-- \/.block-image -->\n\n\n<div\n    id=\"block_f020403703b2d28895a4a53a8b90d26e\"\n    class=\"block block-text bg-color-matches-previous-block  bg-default\"\n\t>\n\t<div class=\"container-fluid\">    <div class=\"row\">\n\t\t            <div class=\"col-12 col-lg-10 offset-lg-1 col-xl-8 offset-xl-2 text\">\n\t\t\t\t<h3 data-renderer-start-pos=\"297\">Hank M. Flemming pr\u00e4sentiert neues Solo-Programm \u201eVon hinter der Fichte\u201c<\/h3>\n<p data-renderer-start-pos=\"297\"><em data-renderer-mark=\"true\">K\u00f6nigstein im Taunus, 11. Februar \u2013<\/em>\u00a0Die Villa Rothschild wird am 11. Februar ab 19 Uhr zur B\u00fchne f\u00fcr einen besonderen Premierenabend: Der B\u00fchnenautor und promovierte Psychologe\u00a0<strong data-renderer-mark=\"true\">Hank M. Flemming<\/strong>\u00a0feiert mit seinem neuen Solo-Programm\u00a0<strong data-renderer-mark=\"true\">\u201eVon hinter der Fichte\u201c<\/strong>Premiere im Rahmen von\u00a0<em data-renderer-mark=\"true\">MainSlam x Villa Rothschild<\/em>.<\/p>\n<p data-renderer-start-pos=\"608\">Unter dem augenzwinkernden Motto \u201eEin Abend im Wald\u201c l\u00e4dt Flemming das Publikum zu einer ebenso pers\u00f6nlichen wie gesellschaftlichen Spurensuche ein. In seinem Programm erz\u00e4hlt er von seiner erzgebirgischen Herkunft \u2013 einer Region gepr\u00e4gt von Bergbau, Traditionen und nicht zuletzt: vielen, vielen Fichten. Zwischen Heimat und Aufbruch, Selbstbild und Fremdwahrnehmung entfaltet sich ein klug komponierter Monolog \u00fcber Herkunft, Identit\u00e4t und Zugeh\u00f6rigkeit.<\/p>\n<p data-renderer-start-pos=\"1069\">Mit\u00a0<strong data-renderer-mark=\"true\">feinem Humor<\/strong>,\u00a0<strong data-renderer-mark=\"true\">poetischer Sch\u00e4rfe<\/strong>\u00a0und\u00a0<strong data-renderer-mark=\"true\">reichlich Ironie<\/strong>\u00a0reflektiert Flemming immergr\u00fcne Themen unserer Zeit: gesellschaftliche Reibung, innere Konflikte und die Frage, wie sehr uns unsere Wurzeln pr\u00e4gen \u2013 oder einengen. Seine besondere Perspektive als Psychologe verleiht dem Abend zus\u00e4tzliche Tiefe, ohne den Leichtigkeitsanspruch des B\u00fchnenformats zu verlieren.<\/p>\n<p data-renderer-start-pos=\"1439\">Die\u00a0<strong data-renderer-mark=\"true\">Villa Rothschild<\/strong>\u00a0bietet mit ihrem au\u00dfergew\u00f6hnlichen Ambiente den idealen Rahmen f\u00fcr diese literarisch-kabarettistische Premiere und unterstreicht ihren Anspruch, ein Ort f\u00fcr kreative Salonkultur, neue Stimmen und besondere Formate zu sein. W\u00e4hrend des Events in der Tizians Bar der Villa Rothschild darf auch gerne die gastronomische Seite der Villa Rothschild erfahren werden. Getr\u00e4nke von der facettenreichen Barkarte und Speisen der Snackkarte sind im Ticketpreis von 21 Euro nicht enthalten.<\/p>\n            <\/div>\n\t\t    <\/div>\n    <!-- \/.row -->\n\n\t<\/div>\n\t<!-- \/.container-fluid -->\n<\/div>\n<!-- \/.block-text -->\n\n\n<div\n    id=\"block_a34bc09823ceeaffc34d20fafe1b3d25\"\n    class=\"block block-image-slider bg-color-matches-previous-block  bg-default\"\n\t>\n\t<div class=\"container-fluid\">\n    <div class=\"row\">\n        <div class=\"col-12\">\n                    <div class=\"swiper-container\">\n            <div class=\"swiper swiper--image-slider\" data-autoplay=\"true\">\n                <div class=\"swiper-wrapper\">\n                                        <div class=\"item swiper-slide\">\n                            <picture>\n                                <source type=\"image\/jpeg\" media=\"(min-width: 1561px)\" srcset=\"https:\/\/brhhh.com\/villa-rothschild\/wp-content\/uploads\/sites\/4\/2026\/02\/2023-01-18_Hank-M_21x9-1600x681.jpg 1x, https:\/\/brhhh.com\/villa-rothschild\/wp-content\/uploads\/sites\/4\/2026\/02\/2023-01-18_Hank-M_21x9.jpg 2x\">\n                                <source type=\"image\/jpeg\" media=\"(min-width: 993px)\" srcset=\"https:\/\/brhhh.com\/villa-rothschild\/wp-content\/uploads\/sites\/4\/2026\/02\/2023-01-18_Hank-M_21x9-1280x545.jpg 1x, https:\/\/brhhh.com\/villa-rothschild\/wp-content\/uploads\/sites\/4\/2026\/02\/2023-01-18_Hank-M_21x9.jpg 2x\">\n                                <source type=\"image\/jpeg\" media=\"(min-width: 769px)\" srcset=\"https:\/\/brhhh.com\/villa-rothschild\/wp-content\/uploads\/sites\/4\/2026\/02\/2023-01-18_Hank-M_21x9-960x640.jpg 1x, https:\/\/brhhh.com\/villa-rothschild\/wp-content\/uploads\/sites\/4\/2026\/02\/2023-01-18_Hank-M_21x9.jpg 2x\">\n                                <source type=\"image\/jpeg\" media=\"(min-width: 481px)\" srcset=\"https:\/\/brhhh.com\/villa-rothschild\/wp-content\/uploads\/sites\/4\/2026\/02\/2023-01-18_Hank-M_21x9-640x427.jpg 1x, https:\/\/brhhh.com\/villa-rothschild\/wp-content\/uploads\/sites\/4\/2026\/02\/2023-01-18_Hank-M_21x9-1280x695.jpg 2x\">\n                                <source type=\"image\/jpeg\" media=\"(min-width: 421px)\" srcset=\"https:\/\/brhhh.com\/villa-rothschild\/wp-content\/uploads\/sites\/4\/2026\/02\/2023-01-18_Hank-M_21x9-480x320.jpg 1x, https:\/\/brhhh.com\/villa-rothschild\/wp-content\/uploads\/sites\/4\/2026\/02\/2023-01-18_Hank-M_21x9-960x640.jpg 2x\">\n                                <source type=\"image\/jpeg\" media=\"(min-width: 401px)\" srcset=\"https:\/\/brhhh.com\/villa-rothschild\/wp-content\/uploads\/sites\/4\/2026\/02\/2023-01-18_Hank-M_21x9-480x320.jpg 1x, https:\/\/brhhh.com\/villa-rothschild\/wp-content\/uploads\/sites\/4\/2026\/02\/2023-01-18_Hank-M_21x9-800x533.jpg 2x\">\n                                <source type=\"image\/jpeg\" media=\"(min-width: 321px)\" srcset=\"https:\/\/brhhh.com\/villa-rothschild\/wp-content\/uploads\/sites\/4\/2026\/02\/2023-01-18_Hank-M_21x9-400x267.jpg 1x, https:\/\/brhhh.com\/villa-rothschild\/wp-content\/uploads\/sites\/4\/2026\/02\/2023-01-18_Hank-M_21x9-800x533.jpg 2x\">\n                                <source type=\"image\/jpeg\" srcset=\"https:\/\/brhhh.com\/villa-rothschild\/wp-content\/uploads\/sites\/4\/2026\/02\/2023-01-18_Hank-M_21x9-320x213.jpg 1x, https:\/\/brhhh.com\/villa-rothschild\/wp-content\/uploads\/sites\/4\/2026\/02\/2023-01-18_Hank-M_21x9-640x427.jpg 2x\">\n                                <img decoding=\"async\"\n                                    src=\"https:\/\/brhhh.com\/villa-rothschild\/wp-content\/uploads\/sites\/4\/2026\/02\/2023-01-18_Hank-M_21x9-320x213.jpg\"\n                                    alt=\"Villa Rothschild\"\n                                    class=\"img-fluid\"\n                                    width=\"320\"\n                                    height=\"213\"\n                                    loading=\"lazy\">\n                            <\/picture>\n\t\t\t\t\t\t\t<span class=\"photo-credit\"><\/span>                        <\/div>\n                                                <div class=\"item swiper-slide\">\n                            <picture>\n                                <source type=\"image\/jpeg\" media=\"(min-width: 1561px)\" srcset=\"https:\/\/brhhh.com\/villa-rothschild\/wp-content\/uploads\/sites\/4\/2026\/02\/Hank-M_21x9.jpg 1x, https:\/\/brhhh.com\/villa-rothschild\/wp-content\/uploads\/sites\/4\/2026\/02\/Hank-M_21x9.jpg 2x\">\n                                <source type=\"image\/jpeg\" media=\"(min-width: 993px)\" srcset=\"https:\/\/brhhh.com\/villa-rothschild\/wp-content\/uploads\/sites\/4\/2026\/02\/Hank-M_21x9-1280x545.jpg 1x, https:\/\/brhhh.com\/villa-rothschild\/wp-content\/uploads\/sites\/4\/2026\/02\/Hank-M_21x9.jpg 2x\">\n                                <source type=\"image\/jpeg\" media=\"(min-width: 769px)\" srcset=\"https:\/\/brhhh.com\/villa-rothschild\/wp-content\/uploads\/sites\/4\/2026\/02\/Hank-M_21x9-960x640.jpg 1x, https:\/\/brhhh.com\/villa-rothschild\/wp-content\/uploads\/sites\/4\/2026\/02\/Hank-M_21x9.jpg 2x\">\n                                <source type=\"image\/jpeg\" media=\"(min-width: 481px)\" srcset=\"https:\/\/brhhh.com\/villa-rothschild\/wp-content\/uploads\/sites\/4\/2026\/02\/Hank-M_21x9-640x427.jpg 1x, https:\/\/brhhh.com\/villa-rothschild\/wp-content\/uploads\/sites\/4\/2026\/02\/Hank-M_21x9-1280x644.jpg 2x\">\n                                <source type=\"image\/jpeg\" media=\"(min-width: 421px)\" srcset=\"https:\/\/brhhh.com\/villa-rothschild\/wp-content\/uploads\/sites\/4\/2026\/02\/Hank-M_21x9-480x320.jpg 1x, https:\/\/brhhh.com\/villa-rothschild\/wp-content\/uploads\/sites\/4\/2026\/02\/Hank-M_21x9-960x640.jpg 2x\">\n                                <source type=\"image\/jpeg\" media=\"(min-width: 401px)\" srcset=\"https:\/\/brhhh.com\/villa-rothschild\/wp-content\/uploads\/sites\/4\/2026\/02\/Hank-M_21x9-480x320.jpg 1x, https:\/\/brhhh.com\/villa-rothschild\/wp-content\/uploads\/sites\/4\/2026\/02\/Hank-M_21x9-800x533.jpg 2x\">\n                                <source type=\"image\/jpeg\" media=\"(min-width: 321px)\" srcset=\"https:\/\/brhhh.com\/villa-rothschild\/wp-content\/uploads\/sites\/4\/2026\/02\/Hank-M_21x9-400x267.jpg 1x, https:\/\/brhhh.com\/villa-rothschild\/wp-content\/uploads\/sites\/4\/2026\/02\/Hank-M_21x9-800x533.jpg 2x\">\n                                <source type=\"image\/jpeg\" srcset=\"https:\/\/brhhh.com\/villa-rothschild\/wp-content\/uploads\/sites\/4\/2026\/02\/Hank-M_21x9-320x213.jpg 1x, https:\/\/brhhh.com\/villa-rothschild\/wp-content\/uploads\/sites\/4\/2026\/02\/Hank-M_21x9-640x427.jpg 2x\">\n                                <img decoding=\"async\"\n                                    src=\"https:\/\/brhhh.com\/villa-rothschild\/wp-content\/uploads\/sites\/4\/2026\/02\/Hank-M_21x9-320x213.jpg\"\n                                    alt=\"Villa Rothschild\"\n                                    class=\"img-fluid\"\n                                    width=\"320\"\n                                    height=\"213\"\n                                    loading=\"lazy\">\n                            <\/picture>\n\t\t\t\t\t\t\t<span class=\"photo-credit\"><\/span>                        <\/div>\n                                                <div class=\"item swiper-slide\">\n                            <picture>\n                                <source type=\"image\/jpeg\" media=\"(min-width: 1561px)\" srcset=\"https:\/\/brhhh.com\/villa-rothschild\/wp-content\/uploads\/sites\/4\/2026\/02\/Hank-Flemming-Foto-MainSlam_21xx9.jpg 1x, https:\/\/brhhh.com\/villa-rothschild\/wp-content\/uploads\/sites\/4\/2026\/02\/Hank-Flemming-Foto-MainSlam_21xx9.jpg 2x\">\n                                <source type=\"image\/jpeg\" media=\"(min-width: 993px)\" srcset=\"https:\/\/brhhh.com\/villa-rothschild\/wp-content\/uploads\/sites\/4\/2026\/02\/Hank-Flemming-Foto-MainSlam_21xx9.jpg 1x, https:\/\/brhhh.com\/villa-rothschild\/wp-content\/uploads\/sites\/4\/2026\/02\/Hank-Flemming-Foto-MainSlam_21xx9.jpg 2x\">\n                                <source type=\"image\/jpeg\" media=\"(min-width: 769px)\" srcset=\"https:\/\/brhhh.com\/villa-rothschild\/wp-content\/uploads\/sites\/4\/2026\/02\/Hank-Flemming-Foto-MainSlam_21xx9-960x463.jpg 1x, https:\/\/brhhh.com\/villa-rothschild\/wp-content\/uploads\/sites\/4\/2026\/02\/Hank-Flemming-Foto-MainSlam_21xx9.jpg 2x\">\n                                <source type=\"image\/jpeg\" media=\"(min-width: 481px)\" srcset=\"https:\/\/brhhh.com\/villa-rothschild\/wp-content\/uploads\/sites\/4\/2026\/02\/Hank-Flemming-Foto-MainSlam_21xx9-640x427.jpg 1x, https:\/\/brhhh.com\/villa-rothschild\/wp-content\/uploads\/sites\/4\/2026\/02\/Hank-Flemming-Foto-MainSlam_21xx9.jpg 2x\">\n                                <source type=\"image\/jpeg\" media=\"(min-width: 421px)\" srcset=\"https:\/\/brhhh.com\/villa-rothschild\/wp-content\/uploads\/sites\/4\/2026\/02\/Hank-Flemming-Foto-MainSlam_21xx9-480x320.jpg 1x, https:\/\/brhhh.com\/villa-rothschild\/wp-content\/uploads\/sites\/4\/2026\/02\/Hank-Flemming-Foto-MainSlam_21xx9-960x463.jpg 2x\">\n                                <source type=\"image\/jpeg\" media=\"(min-width: 401px)\" srcset=\"https:\/\/brhhh.com\/villa-rothschild\/wp-content\/uploads\/sites\/4\/2026\/02\/Hank-Flemming-Foto-MainSlam_21xx9-480x320.jpg 1x, https:\/\/brhhh.com\/villa-rothschild\/wp-content\/uploads\/sites\/4\/2026\/02\/Hank-Flemming-Foto-MainSlam_21xx9-800x463.jpg 2x\">\n                                <source type=\"image\/jpeg\" media=\"(min-width: 321px)\" srcset=\"https:\/\/brhhh.com\/villa-rothschild\/wp-content\/uploads\/sites\/4\/2026\/02\/Hank-Flemming-Foto-MainSlam_21xx9-400x267.jpg 1x, https:\/\/brhhh.com\/villa-rothschild\/wp-content\/uploads\/sites\/4\/2026\/02\/Hank-Flemming-Foto-MainSlam_21xx9-800x463.jpg 2x\">\n                                <source type=\"image\/jpeg\" srcset=\"https:\/\/brhhh.com\/villa-rothschild\/wp-content\/uploads\/sites\/4\/2026\/02\/Hank-Flemming-Foto-MainSlam_21xx9-320x213.jpg 1x, https:\/\/brhhh.com\/villa-rothschild\/wp-content\/uploads\/sites\/4\/2026\/02\/Hank-Flemming-Foto-MainSlam_21xx9-640x427.jpg 2x\">\n                                <img decoding=\"async\"\n                                    src=\"https:\/\/brhhh.com\/villa-rothschild\/wp-content\/uploads\/sites\/4\/2026\/02\/Hank-Flemming-Foto-MainSlam_21xx9-320x213.jpg\"\n                                    alt=\"Villa Rothschild\"\n                                    class=\"img-fluid\"\n                                    width=\"320\"\n                                    height=\"213\"\n                                    loading=\"lazy\">\n                            <\/picture>\n\t\t\t\t\t\t\t<div class=\"swiper-lazy-preloader swiper-lazy-preloader-white\"><\/div><span class=\"photo-credit\"><\/span>                        <\/div>\n                                                <div class=\"item swiper-slide\">\n                            <picture>\n                                <source type=\"image\/jpeg\" media=\"(min-width: 1561px)\" srcset=\"https:\/\/brhhh.com\/villa-rothschild\/wp-content\/uploads\/sites\/4\/2026\/02\/Hank-Von-hinter-der-Fichte_21x9.jpg 1x, https:\/\/brhhh.com\/villa-rothschild\/wp-content\/uploads\/sites\/4\/2026\/02\/Hank-Von-hinter-der-Fichte_21x9.jpg 2x\">\n                                <source type=\"image\/jpeg\" media=\"(min-width: 993px)\" srcset=\"https:\/\/brhhh.com\/villa-rothschild\/wp-content\/uploads\/sites\/4\/2026\/02\/Hank-Von-hinter-der-Fichte_21x9.jpg 1x, https:\/\/brhhh.com\/villa-rothschild\/wp-content\/uploads\/sites\/4\/2026\/02\/Hank-Von-hinter-der-Fichte_21x9.jpg 2x\">\n                                <source type=\"image\/jpeg\" media=\"(min-width: 769px)\" srcset=\"https:\/\/brhhh.com\/villa-rothschild\/wp-content\/uploads\/sites\/4\/2026\/02\/Hank-Von-hinter-der-Fichte_21x9-960x439.jpg 1x, https:\/\/brhhh.com\/villa-rothschild\/wp-content\/uploads\/sites\/4\/2026\/02\/Hank-Von-hinter-der-Fichte_21x9.jpg 2x\">\n                                <source type=\"image\/jpeg\" media=\"(min-width: 481px)\" srcset=\"https:\/\/brhhh.com\/villa-rothschild\/wp-content\/uploads\/sites\/4\/2026\/02\/Hank-Von-hinter-der-Fichte_21x9-640x427.jpg 1x, https:\/\/brhhh.com\/villa-rothschild\/wp-content\/uploads\/sites\/4\/2026\/02\/Hank-Von-hinter-der-Fichte_21x9.jpg 2x\">\n                                <source type=\"image\/jpeg\" media=\"(min-width: 421px)\" srcset=\"https:\/\/brhhh.com\/villa-rothschild\/wp-content\/uploads\/sites\/4\/2026\/02\/Hank-Von-hinter-der-Fichte_21x9-480x320.jpg 1x, https:\/\/brhhh.com\/villa-rothschild\/wp-content\/uploads\/sites\/4\/2026\/02\/Hank-Von-hinter-der-Fichte_21x9-960x439.jpg 2x\">\n                                <source type=\"image\/jpeg\" media=\"(min-width: 401px)\" srcset=\"https:\/\/brhhh.com\/villa-rothschild\/wp-content\/uploads\/sites\/4\/2026\/02\/Hank-Von-hinter-der-Fichte_21x9-480x320.jpg 1x, https:\/\/brhhh.com\/villa-rothschild\/wp-content\/uploads\/sites\/4\/2026\/02\/Hank-Von-hinter-der-Fichte_21x9-800x439.jpg 2x\">\n                                <source type=\"image\/jpeg\" media=\"(min-width: 321px)\" srcset=\"https:\/\/brhhh.com\/villa-rothschild\/wp-content\/uploads\/sites\/4\/2026\/02\/Hank-Von-hinter-der-Fichte_21x9-400x267.jpg 1x, https:\/\/brhhh.com\/villa-rothschild\/wp-content\/uploads\/sites\/4\/2026\/02\/Hank-Von-hinter-der-Fichte_21x9-800x439.jpg 2x\">\n                                <source type=\"image\/jpeg\" srcset=\"https:\/\/brhhh.com\/villa-rothschild\/wp-content\/uploads\/sites\/4\/2026\/02\/Hank-Von-hinter-der-Fichte_21x9-320x213.jpg 1x, https:\/\/brhhh.com\/villa-rothschild\/wp-content\/uploads\/sites\/4\/2026\/02\/Hank-Von-hinter-der-Fichte_21x9-640x427.jpg 2x\">\n                                <img decoding=\"async\"\n                                    src=\"https:\/\/brhhh.com\/villa-rothschild\/wp-content\/uploads\/sites\/4\/2026\/02\/Hank-Von-hinter-der-Fichte_21x9-320x213.jpg\"\n                                    alt=\"Villa Rothschild\"\n                                    class=\"img-fluid\"\n                                    width=\"320\"\n                                    height=\"213\"\n                                    loading=\"lazy\">\n                            <\/picture>\n\t\t\t\t\t\t\t<div class=\"swiper-lazy-preloader swiper-lazy-preloader-white\"><\/div><span class=\"photo-credit\"><\/span>                        <\/div>\n                                        <\/div>\n                <!-- \/.swiper-wrapper -->\n            <\/div>\n            <!-- \/.swiper -->\n            \t\t<div class=\"swiper-buttons\">\n\t\t\t<div class=\"swiper-button swiper-button-prev swiper-button-prev--outside\">\n                <i class=\"icon-arrow-left\"><\/i>\n\t\t\t<\/div>\n\t\t\t<div class=\"swiper-button swiper-button-next swiper-button-next--outside\">\n                <i class=\"icon-arrow-right\"><\/i>\n\t\t\t<\/div>\n\t\t<\/div>\n\t            <div class=\"swiper-pagination swiper-pagination--numbers autoplay\"><\/div>\n        <\/div>\n        <!-- \/.swiper-container -->\n            <\/div>\n        <!-- \/.col-x -->\n    <\/div>\n    <!-- \/.row -->\n\n\t<\/div>\n\t<!-- \/.container-fluid -->\n<\/div>\n<!-- \/.block-image-slider -->\n","protected":false},"excerpt":{"rendered":"","protected":false},"author":19,"featured_media":0,"parent":0,"menu_order":0,"comment_status":"closed","ping_status":"closed","template":"","meta":{"inline_featured_image":false,"footnotes":""},"class_list":["post-9666","page","type-page","status-publish","hentry"],"yoast_head":"<!-- This site is optimized with the Yoast SEO plugin v27.5 - https:\/\/yoast.com\/product\/yoast-seo-wordpress\/ -->\n<title>Press - Villa Rothschild<\/title>\n<meta name=\"robots\" content=\"index, follow, max-snippet:-1, max-image-preview:large, max-video-preview:-1\" \/>\n<link rel=\"canonical\" href=\"https:\/\/brhhh.com\/villa-rothschild\/press\/\" \/>\n<meta property=\"og:locale\" content=\"de_DE\" \/>\n<meta property=\"og:type\" content=\"article\" \/>\n<meta property=\"og:title\" content=\"Press - Villa Rothschild\" \/>\n<meta property=\"og:url\" content=\"https:\/\/brhhh.com\/villa-rothschild\/press\/\" \/>\n<meta property=\"og:site_name\" content=\"Villa Rothschild\" \/>\n<meta property=\"article:publisher\" content=\"https:\/\/de-de.facebook.com\/VillaRothschild\/\" \/>\n<meta property=\"article:modified_time\" content=\"2026-02-12T13:03:51+00:00\" \/>\n<meta name=\"twitter:card\" content=\"summary_large_image\" \/>\n<script type=\"application\/ld+json\" class=\"yoast-schema-graph\">{\"@context\":\"https:\\\/\\\/schema.org\",\"@graph\":[{\"@type\":\"WebPage\",\"@id\":\"https:\\\/\\\/brhhh.com\\\/villa-rothschild\\\/press\\\/\",\"url\":\"https:\\\/\\\/brhhh.com\\\/villa-rothschild\\\/press\\\/\",\"name\":\"Press - Villa Rothschild\",\"isPartOf\":{\"@id\":\"https:\\\/\\\/brhhh.com\\\/villa-rothschild\\\/en\\\/#website\"},\"datePublished\":\"2026-02-12T13:03:50+00:00\",\"dateModified\":\"2026-02-12T13:03:51+00:00\",\"breadcrumb\":{\"@id\":\"https:\\\/\\\/brhhh.com\\\/villa-rothschild\\\/press\\\/#breadcrumb\"},\"inLanguage\":\"de\",\"potentialAction\":[{\"@type\":\"ReadAction\",\"target\":[\"https:\\\/\\\/brhhh.com\\\/villa-rothschild\\\/press\\\/\"]}]},{\"@type\":\"BreadcrumbList\",\"@id\":\"https:\\\/\\\/brhhh.com\\\/villa-rothschild\\\/press\\\/#breadcrumb\",\"itemListElement\":[{\"@type\":\"ListItem\",\"position\":1,\"name\":\"Startseite\",\"item\":\"https:\\\/\\\/brhhh.com\\\/villa-rothschild\\\/\"},{\"@type\":\"ListItem\",\"position\":2,\"name\":\"Press\"}]},{\"@type\":\"WebSite\",\"@id\":\"https:\\\/\\\/brhhh.com\\\/villa-rothschild\\\/en\\\/#website\",\"url\":\"https:\\\/\\\/brhhh.com\\\/villa-rothschild\\\/en\\\/\",\"name\":\"Villa Rothschild\",\"description\":\"\",\"publisher\":{\"@id\":\"https:\\\/\\\/brhhh.com\\\/villa-rothschild\\\/en\\\/#organization\"},\"potentialAction\":[{\"@type\":\"SearchAction\",\"target\":{\"@type\":\"EntryPoint\",\"urlTemplate\":\"https:\\\/\\\/brhhh.com\\\/villa-rothschild\\\/en\\\/?s={search_term_string}\"},\"query-input\":{\"@type\":\"PropertyValueSpecification\",\"valueRequired\":true,\"valueName\":\"search_term_string\"}}],\"inLanguage\":\"de\"},{\"@type\":\"Organization\",\"@id\":\"https:\\\/\\\/brhhh.com\\\/villa-rothschild\\\/en\\\/#organization\",\"name\":\"Villa Rothschild\",\"url\":\"https:\\\/\\\/brhhh.com\\\/villa-rothschild\\\/en\\\/\",\"logo\":{\"@type\":\"ImageObject\",\"inLanguage\":\"de\",\"@id\":\"https:\\\/\\\/brhhh.com\\\/villa-rothschild\\\/en\\\/#\\\/schema\\\/logo\\\/image\\\/\",\"url\":\"https:\\\/\\\/brhhh.com\\\/villa-rothschild\\\/wp-content\\\/uploads\\\/sites\\\/4\\\/2019\\\/09\\\/villa-rothschild.svg\",\"contentUrl\":\"https:\\\/\\\/brhhh.com\\\/villa-rothschild\\\/wp-content\\\/uploads\\\/sites\\\/4\\\/2019\\\/09\\\/villa-rothschild.svg\",\"caption\":\"Villa Rothschild\"},\"image\":{\"@id\":\"https:\\\/\\\/brhhh.com\\\/villa-rothschild\\\/en\\\/#\\\/schema\\\/logo\\\/image\\\/\"},\"sameAs\":[\"https:\\\/\\\/de-de.facebook.com\\\/VillaRothschild\\\/\"]}]}<\/script>\n<!-- \/ Yoast SEO plugin. -->","yoast_head_json":{"title":"Press - Villa Rothschild","robots":{"index":"index","follow":"follow","max-snippet":"max-snippet:-1","max-image-preview":"max-image-preview:large","max-video-preview":"max-video-preview:-1"},"canonical":"https:\/\/brhhh.com\/villa-rothschild\/press\/","og_locale":"de_DE","og_type":"article","og_title":"Press - Villa Rothschild","og_url":"https:\/\/brhhh.com\/villa-rothschild\/press\/","og_site_name":"Villa Rothschild","article_publisher":"https:\/\/de-de.facebook.com\/VillaRothschild\/","article_modified_time":"2026-02-12T13:03:51+00:00","twitter_card":"summary_large_image","schema":{"@context":"https:\/\/schema.org","@graph":[{"@type":"WebPage","@id":"https:\/\/brhhh.com\/villa-rothschild\/press\/","url":"https:\/\/brhhh.com\/villa-rothschild\/press\/","name":"Press - Villa Rothschild","isPartOf":{"@id":"https:\/\/brhhh.com\/villa-rothschild\/en\/#website"},"datePublished":"2026-02-12T13:03:50+00:00","dateModified":"2026-02-12T13:03:51+00:00","breadcrumb":{"@id":"https:\/\/brhhh.com\/villa-rothschild\/press\/#breadcrumb"},"inLanguage":"de","potentialAction":[{"@type":"ReadAction","target":["https:\/\/brhhh.com\/villa-rothschild\/press\/"]}]},{"@type":"BreadcrumbList","@id":"https:\/\/brhhh.com\/villa-rothschild\/press\/#breadcrumb","itemListElement":[{"@type":"ListItem","position":1,"name":"Startseite","item":"https:\/\/brhhh.com\/villa-rothschild\/"},{"@type":"ListItem","position":2,"name":"Press"}]},{"@type":"WebSite","@id":"https:\/\/brhhh.com\/villa-rothschild\/en\/#website","url":"https:\/\/brhhh.com\/villa-rothschild\/en\/","name":"Villa Rothschild","description":"","publisher":{"@id":"https:\/\/brhhh.com\/villa-rothschild\/en\/#organization"},"potentialAction":[{"@type":"SearchAction","target":{"@type":"EntryPoint","urlTemplate":"https:\/\/brhhh.com\/villa-rothschild\/en\/?s={search_term_string}"},"query-input":{"@type":"PropertyValueSpecification","valueRequired":true,"valueName":"search_term_string"}}],"inLanguage":"de"},{"@type":"Organization","@id":"https:\/\/brhhh.com\/villa-rothschild\/en\/#organization","name":"Villa Rothschild","url":"https:\/\/brhhh.com\/villa-rothschild\/en\/","logo":{"@type":"ImageObject","inLanguage":"de","@id":"https:\/\/brhhh.com\/villa-rothschild\/en\/#\/schema\/logo\/image\/","url":"https:\/\/brhhh.com\/villa-rothschild\/wp-content\/uploads\/sites\/4\/2019\/09\/villa-rothschild.svg","contentUrl":"https:\/\/brhhh.com\/villa-rothschild\/wp-content\/uploads\/sites\/4\/2019\/09\/villa-rothschild.svg","caption":"Villa Rothschild"},"image":{"@id":"https:\/\/brhhh.com\/villa-rothschild\/en\/#\/schema\/logo\/image\/"},"sameAs":["https:\/\/de-de.facebook.com\/VillaRothschild\/"]}]}},"acf":[],"_links":{"self":[{"href":"https:\/\/brhhh.com\/villa-rothschild\/wp-json\/wp\/v2\/pages\/9666","targetHints":{"allow":["GET"]}}],"collection":[{"href":"https:\/\/brhhh.com\/villa-rothschild\/wp-json\/wp\/v2\/pages"}],"about":[{"href":"https:\/\/brhhh.com\/villa-rothschild\/wp-json\/wp\/v2\/types\/page"}],"author":[{"embeddable":true,"href":"https:\/\/brhhh.com\/villa-rothschild\/wp-json\/wp\/v2\/users\/19"}],"replies":[{"embeddable":true,"href":"https:\/\/brhhh.com\/villa-rothschild\/wp-json\/wp\/v2\/comments?post=9666"}],"version-history":[{"count":15,"href":"https:\/\/brhhh.com\/villa-rothschild\/wp-json\/wp\/v2\/pages\/9666\/revisions"}],"predecessor-version":[{"id":9690,"href":"https:\/\/brhhh.com\/villa-rothschild\/wp-json\/wp\/v2\/pages\/9666\/revisions\/9690"}],"wp:attachment":[{"href":"https:\/\/brhhh.com\/villa-rothschild\/wp-json\/wp\/v2\/media?parent=9666"}],"curies":[{"name":"wp","href":"https:\/\/api.w.org\/{rel}","templated":true}]}}